 2*w - 28. Let i(y) = 33*y**2 + 2009*y - 216. Let a be i(-61). Calculate the highest common divisor of a and w.
7
Suppose 44*q - 39*q + 2*j = 7671, 4*q = -2*j + 6134. What is the highest common factor of q and 638?
29
Suppose -h - 5*o + 138 = 0, -6*h - 2*o + 575 = -h. Suppose 0 = f - 3, -3*j + 5*j - h = 5*f. What is the greatest common divisor of 80 and j?
16
Suppose 0 = -136*y - 317*y + 229671. Calculate the highest common divisor of 780 and y.
39
Suppose f = 4*i + 86, -1008 = 19*f - 2*i - 3012. What is the greatest common divisor of 25864 and f?
106
Suppose 0 = -38*t + 32*t + 24. Let p be 118/14 - t/(-7). Suppose -5*a - i = 2*i - 45, 4*i = -5*a + 50. Calculate the highest common divisor of p and a.
3
Let d(u) = -u**2 - 18*u - 28. Let n be d(-16). Let i be 13/n + (-22)/88. What is the greatest common factor of 15 and i?
3
Let s = -4670 + 5378. What is the greatest common divisor of s and 12?
12
Let x(z) = z - 43. Let u be x(0). Suppose -a - 53 = -l, 5*a + 292 - 37 = -5*l. Let p = u - a. What is the greatest common factor of p and 45?
9
Let w = -170 + 91. Let s = w + 149. Let f(g) = g**2 + 3*g + 6. Let v be f(-4). Calculate the highest common factor of v and s.
10
Suppose 4*p = 572 + 184. Let h be 12/20 - (-2)/(30/(-9)). Suppose 0 = 4*r - 4*v - 116, h = -4*v - 6 - 2. What is the greatest common divisor of p and r?
27
Let o be (-45 + 10)/(75/(-570)). Calculate the greatest common divisor of o and 952.
14
Let d = 1539 + 1890. Calculate the greatest common divisor of 18 and d.
9
Let p(y) = y**3 - y**2 + 2*y + 29. Let v be p(8). Calculate the highest common factor of 34 and v.
17
Suppose -2116*s = -2123*s + 224. Let k(c) = c**3 - c**2 + 3. Let n be k(0). Suppose n*j - 8 = 4. Calculate the highest common factor of j and s.
4
Suppose y = b - 309, 5*b + 0*y - 1548 = 2*y. Suppose m = -m - 4*l + 312, -b = -2*m - 3*l. Let t = -52 + m. Calculate the highest common divisor of 40 and t.
20
Suppose -j = 4*s - 156, 15 = -3*j + 3. Suppose 3*r + g - 9 = 0, 19*r - g = 17*r + 1. Suppose -r*h + s = -0*h. What is the highest common factor of h and 110?
10
Let c be ((-2)/4)/(1 + 21/(-18)). Suppose 3*p - 114 = -3*u, -92 = -5*p + c*u + 66. Calculate the highest common factor of 544 and p.
34
Suppose -3*i = -3*q + 2*i + 244, 0 = q + 2*i - 74. Suppose q = -3*n + 402. Let o = -89 + n. What is the highest common divisor of o and 19?
19
Suppose -4*k + t - 2*t = -86, 0 = -t - 2. Suppose 5*s - k + 2 = 0. Let j be (-6 - -90)/(10/s + -1). Calculate the greatest common factor of j and 14.
14
Let l = -266 + 80. Let k = -61 - l. Suppose -7*d = -2*d - k. Calculate the highest common divisor of d and 175.
25
Suppose 9*v + 4*q = 10*v - 1877, -3*q + 5646 = 3*v. Calculate the highest common divisor of 396 and v.
99
Suppose 7 = -32*l + 31*l. Let a(s) = -11*s - 65. Let r be a(l). What is the highest common factor of 324 and r?
12
Let p be ((-160)/(-560))/(8/5684). What is the greatest common factor of p and 14?
7
Suppose 3*w = -2*h + 9, h + 4*h + 5 = -2*w. Let z be 4564/112 + w/4. Calculate the greatest common factor of 126 and z.
42
Suppose 975 = 3*h + 3*y, -2531*h + 2526*h = y - 1649. What is the greatest common factor of 3 and h?
1
Let b be (6 - (-81)/(-12))*-28. What is the greatest common factor of b and 21?
21
Let u = -208 + 217. Suppose 65 = u*h - 8*h. What is the highest common divisor of h and 325?
65
Let c(z) = -43*z - 434. Let n be c(-11). What is the highest common divisor of 51 and n?
3
Suppose 3*s + 127*b - 131*b - 7153 = 0, -3*b - 7149 = -3*s. What is the highest common divisor of s and 1281?
183
Suppose -30*s - 198 = -35*s - 2*o, 4*s - 4*o = 192. Calculate the greatest common factor of 350 and s.
14
Let j be (6*(-10)/9)/(32/(-720)). Let m(d) = -2*d + 1. Let f be m(-1). Let w be 150/f*(-2)/(-1). Calculate the highest common divisor of j and w.
50
Suppose -4*x - 260 = -6*d, 0 = -44*x + 41*x - 6. Let o(t) = 57*t - 60. Let y be o(18). What is the highest common factor of y and d?
42
Let t(j) = 29 - 2*j + 7*j - 24*j - 12*j - 13*j**2 + j**3. Let o be t(15). Calculate the highest common divisor of o and 35.
7
Suppose -19*y + 14*y = -5. Let a be (162/(-108))/(50/(-48) + y). What is the highest common factor of a and 54?
18
Let g(v) = v**3 + 14*v**2 + 16*v + 86. Suppose 65 = -7*w + 2*w. Let l be g(w). Calculate the highest common divisor of 376 and l.
47
Suppose -13*m + 10*m + 91 = 4*r, 4*r + 4*m - 96 = 0. Let i(w) = -5*w - 6. Let g be i(-5). What is the highest common factor of r and g?
19
Let i = -9620 - -9735. Let w = -49 - -72. What is the highest common factor of i and w?
23
Suppose 0 = 3*y - 5*f - 12755, -2*y + 10010 = -3*f + 1509. What is the highest common divisor of 240 and y?
80
Let i(s) = -407*s**2 - s + 22440. Let j be i(0). What is the highest common factor of j and 44?
44
Let v be (-5)/((-20)/88)*9. Let k(j) = -2*j**2 - 19*j - 13. Let b be k(-7). Suppose 44 + b = 3*a. Calculate the greatest common factor of a and v.
22
Let x = -6729 + 9282. Calculate the greatest common divisor of 138 and x.
69
Let v = -25 + 37. Let y(c) = -1903*c + 1906*c - 9 + 7*c**2 + 22 + c**3. Let q be y(-5). Calculate the greatest common divisor of v and q.
12
Let y(o) = o**3 - 7*o**2 - 5*o - 8. Let m be y(8). Let w = -1169 - -1225. What is the highest common factor of m and w?
8
Let m be 17 + 168/(-10) - 359/(-5). Let o = -21 - -10. Let t = o - -20. Calculate the greatest common factor of m and t.
9
Suppose 8*p = 20 + 44. Let d = -1 + p. Let r(u) = u + 8. Let h be r(d). Calculate the highest common factor of 135 and h.
15
Let a(u) = 16*u - 5. Let q(t) = 17*t - 8. Let x(y) = -3*a(y) + 2*q(y). Let p be x(-2). What is the greatest common factor of 12 and p?
3
Suppose 3*q - 5*o + 8 = -6, 5*q + 3*o - 22 = 0. Suppose -5 = 5*a, -q*a + 39 = z - 14. Calculate the greatest common factor of z and 22.
11
Let q = 121 + -62. Let a = q + 53. Let h = a + -74. Calculate the highest common divisor of 38 and h.
38
Suppose -10*w - 40*w + 2*w + 2304 = 0. Suppose -h + 197 = 8*a - 3*a, 0 = 3*a - 3*h - 129. Calculate the highest common factor of w and a.
8
Let a(m) = 61*m**2 - 1. Let y be a(1). Suppose -g + 2*b = -2 - 12, 4*b - 112 = -5*g. Calculate the greatest common divisor of g and y.
20
Suppose 0 = 4*m + 16. Let u be 63/(-6)*-4*m/3. Let v = -36 - u. Calculate the greatest common divisor of v and 5.
5
Let r(y) = 14*y**2 + 47*y - 228. Let h be r(12). What is the highest common factor of 432 and h?
48
Let i = -1327 - -2494. Suppose -i*q + 1169*q - 76 = 0. What is the greatest common factor of q and 874?
38
Suppose -127*h + 121*h + 102 = 0. Suppose 294 = h*f - 12. Let t = -35 + 62. What is the highest common divisor of f and t?
9
Let z = -6881 + 7221. Calculate the highest common divisor of z and 3145.
85
Let a(z) = -38*z + 95*z - 45*z - 26*z - 4. Suppose 0 = -5*y - 3*q - 17, 3*y + 13 = -2*y - 2*q. Let n be a(y). Calculate the highest common factor of n and 4.
2
Let g(u) = -405*u + 19880. Let r be g(49). Calculate the highest common divisor of 4879 and r.
7
Let i(d) be the second derivative of -5*d**3/2 + 11*d**2 + 2*d. Let x be i(-5). Let b = x + -68. What is the greatest common factor of 203 and b?
29
Suppose 8*v = 7 - 23. Let p be ((-105)/30)/((v/316)/1). What is the greatest common divisor of p and 7?
7
Suppose -4*u - 3*t + 20077 = 0, -5*u - 8*t = -11*t - 25076. Calculate the highest common divisor of 29 and u.
29
Let o = 181 + 359. Let q(j) = -2*j**2 - 429*j + 8410. Let r be q(18). Calculate the greatest common divisor of o and r.
20
Suppose -18919 = -49*b + 18272. Suppose -3*k + 227 = 20. What is the greatest common factor of b and k?
69
Suppose -j + 1301 = v - 3720, -25095 = -5*v + 5*j. Calculate the greatest common factor of 20 and v.
20
Let i(x) = 10771*x - 31945. Let t be i(3). Suppose 0 = y - 3*j + 7*j - 50, 5*j - 5 = 0. Calculate the highest common factor of y and t.
46
Let w be (4/5)/((-37)/((-1114440)/48)). Calculate the greatest common factor of w and 20833.
251
Suppose -13*q - 1782 = -19*q. Let s = q - 280. Calculate the highest common divisor of 476 and s.
17
Let l be -3 + 93 + 0 + (-9 - -7). Calculate the greatest common factor of l and 5324.
44
Suppose -3*l = -84*y + 80*y - 2981, 3*y = 5*l - 4983. What is the highest common divisor of 135 and l?
27
Suppose -35884*q + 10062 = -35866*q. What 